ve of l**5/20 + 7*l**4/12 - 59*l**3/3 + 28*l**2 + 2*l. What are the prime factors of f(-22)?
2, 3, 19
Suppose 0 = -5*r + 24*r - 1938. Let z be 1/3 + 121/(-3). Let h = r + z. List the prime factors of h.
2, 31
Let u(m) = m**3 + 57*m**2 + 391*m + 115. What are the prime factors of u(-49)?
2, 41
Suppose 66*i = 55*i + 85701. List the prime factors of i.
3, 7, 53
Suppose 70*z - 78*z = -51536. List the prime factors of z.
2, 3221
Let h = 2240 - 839. List the prime factors of h.
3, 467
Let u = 62334 + -40427. What are the prime factors of u?
19, 1153
Let d(a) = 250*a**2 - 27*a + 73. What are the prime factors of d(-7)?
2, 17, 23
Suppose -132*v = -0*v + 52*v - 354752. What are the prime factors of v?
2, 241
Let u(l) = 3*l - 3. Let j be u(2). Let f(s) = -s**2 + 6*s - 6. Let b be f(j). Suppose -3*t + 5*k + 251 = 0, t = 3*t - b*k - 166. List the prime factors of t.
7, 11
Let x(n) = -36*n + 548. Let i be x(0). Suppose r - 5*b - i - 445 = 0, 953 = r + 5*b. What are the prime factors of r?
7, 139
Let q = -467 + 461. Let k(o) = -57*o + 4. What are the prime factors of k(q)?
2, 173
Let b be (-2)/(4/3)*(-84)/63. Suppose -5 = -m - 4*i + 14, b*i = 10. What are the prime factors of -3*(-67 - 1 - m/3)?
7, 29
List the prime factors of 12/(-28) + 4234836/238.
3, 659
Suppose -3*h + 4*h - 478 = 0. Suppose -h - 1882 = -5*x. List the prime factors of x.
2, 59
Let t(x) = x**2 - 29*x + 187. Let q be t(22). Suppose -q*y + 1046 = -13540. List the prime factors of y.
2, 13, 17
Let d(b) = -b**3 - 46*b**2 - 664*b. What are the prime factors of d(-11)?
3, 11, 31
Let h = -13730 - -29284. List the prime factors of h.
2, 7, 11, 101
Let f = -101 - -433. Let l = 145 + f. List the prime factors of l.
3, 53
What are the prime factors of ((-2)/4)/((-57)/708738)?
6217
Suppose -3*b = 5*f + 49, 0 = b - 0*f - 3*f - 7. Let g(m) = 4*m**2 - 9*m - 154. List the prime factors of g(b).
2, 3, 29
Let x be (-2)/(-4)*-2*(24 - 768). Suppose 0 = 2*n - x + 20. List the prime factors of n.
2, 181
What are the prime factors of 53077 - ((-5 - -7) + 1)?
2, 7, 17, 223
Let y = 1219 - 677. Suppose j = 5*s - 924, -178 - y = -4*s - 4*j. Let o = s + -85. What are the prime factors of o?
3, 11
Let x be 1 - 1680/((-18)/(-3)). Let d = x - -645. What are the prime factors of d?
2, 3, 61
Suppose -11 = 2*d + 2*q - 29, 3*q + 8 = 4*d. Suppose 9 - d = 4*v, 5*m = 5*v + 2050. What are the prime factors of m?
3, 137
Let b(y) = 1405*y - 8836. List the prime factors of b(13).
3, 7, 449
Let z be (9/(-2) - -3)*40. Let x = z - -95. What are the prime factors of x?
5, 7
Let w = -14591 + 20792. What are the prime factors of w?
3, 13, 53
Let w(p) = -2*p**2 + 2*p + 2. Let n be w(-1). Let t be -3 + (11 + n)/3. Suppose -5*z = -5*b + 395, -4*b - 4*z + 292 = -t*b. List the prime factors of b.
2, 19
Let l = -14 - -12. Let d be (-3)/((9/l)/(78/13)). Suppose 3*q = -f + 463, -5*q = -0*q + d*f - 774. What are the prime factors of q?
2, 7, 11
Let w(c) be the third derivative of 0 + 44*c**2 + 0*c - 1/120*c**6 - 1/3*c**3 + 31/24*c**4 + 13/60*c**5. What are the prime factors of w(14)?
2, 59
Suppose -4*z = 8*z - 96. Suppose 0 = -z*g + 6*g + 4. Suppose -510 = -g*o - 3*o. What are the prime factors of o?
2, 3, 17
Suppose -31*w + 29369 = -28*w + 2*y, -w - 5*y + 9755 = 0. List the prime factors of w.
3, 5, 653
Suppose 28*a - 276730 = 1931098. List the prime factors of a.
29, 2719
What are the prime factors of 2/12 - (24 + 2344405/(-210))?
2, 5, 557
Let m be 1/6 - 245/(-42). Let y(b) = b**3 - 7*b**2 + 7*b - 6. Let c be y(m). Suppose 3*l + l = 4*n + 348, 3*l + 2*n - 236 = c. List the prime factors of l.
2, 41
Let x be 5312 - (-2 + 11 + -2). Suppose -4*t + 2*b + 5306 = 0, -5*t + x = -t - b. List the prime factors of t.
2, 3, 13, 17
Let r(p) = 2*p**2 - 19*p - 33. Let h be r(11). Suppose -c + 1339 + 487 = h. What are the prime factors of c?
2, 11, 83
Let t(m) = -8*m**2 - 2*m - 13. Let p(s) = -9*s**2 - 3*s - 14. Let i(j) = 3*p(j) - 4*t(j). What are the prime factors of i(9)?
2, 7, 29
Suppose 3*c + w = 5*c + 21, -c = -2*w + 18. Let k be (1 - 2)*-2 - c/(-4). Suppose k = -2*s + 45 + 303. List the prime factors of s.
2, 3, 29
Suppose -40*a - 61*a = 45*a - 6538610. List the prime factors of a.
5, 13, 53
Suppose -2*p - n + 66675 = 0, p - 372*n + 371*n = 33342. What are the prime factors of p?
3, 11113
Suppose -96*k + 111*k - 49575 = 0. List the prime factors of k.
5, 661
Let w(q) = q**2 - q + 29. Let d be ((-11)/((-462)/12))/(2/14). Let i be 18/2*(0 - 2)/d. List the prime factors of w(i).
7, 17
Suppose 0 = -4*x + i + 1512, -2*x - 25*i = -26*i - 756. What are the prime factors of x?
2, 3, 7
Let w(s) = -33*s - 83. Let r be w(-29). Let b = -527 + r. What are the prime factors of b?
347
Let v = 12123 + -845. What are the prime factors of v?
2, 5639
Let r = -99 - -97. Let u be (-3 - r)/((2 - 1)/2). List the prime factors of u/(-6) + (-15352)/(-114).
3, 5
Let m = -2412 + 2367. Suppose -3*u = y - 33, 3*u - 17 = 2*y - 128. Let s = y - m. List the prime factors of s.
3, 31
Let l = -204 + 206. Suppose -s - 3*p = -178, 0*p + 682 = 4*s + l*p. What are the prime factors of s?
13
Let b(t) = t**2 - 3*t - 216. Let x be b(36). Let l = x + 657. What are the prime factors of l?
3, 181
Let d(n) = 121*n - 108. Let s be d(5). Suppose -27*b + 10784 - s = 0. What are the prime factors of b?
3, 127
Let y = -322 + 1079. Suppose -4*n + y = -111. Suppose 2*s = 2*a - 3*s - n, 3*a = -5*s + 338. List the prime factors of a.
3, 37
Let w(a) = 25575*a + 623. What are the prime factors of w(2)?
23, 2251
Suppose y - 17253 = -4*u, 0 = -5*y - 4*u + 21874 + 64375. List the prime factors of y.
47, 367
Suppose 5*p + 4*q - 56380 = 0, -52*q - 11287 = -p - 55*q. What are the prime factors of p?
2, 1409
Suppose -85740 - 57596 = -46*j. Let b = j + -1941. List the prime factors of b.
5, 47
Let s = 4923 - 2625. Let l = s + -780. List the prime factors of l.
2, 3, 11, 23
Let c(r) = -54*r**2 - 2*r - 1. Let d be c(-1). Let z(h) = -2*h**3 + 69*h**2 + 32*h + 42. Let m be z(35). Let s = d - m. List the prime factors of s.
2, 5
Suppose 5*b + 4*u - 11604 = 0, -6*b + 3*u + 11632 = -b. What are the prime factors of b?
2, 7, 83
Suppose 61 = -4*f + 5*r, -2*f - 27 = 3*r - 2*r. Let s be f/((-28)/(-36) + 2/9). List the prime factors of ((-29)/(-2))/((-7)/s).
29
Suppose -3*x = -5*m - 41123, -7300 = 4*x + 4*m - 62056. What are the prime factors of x?
2, 107
Let i be (-58)/(-6) + 3/9. Suppose -d = 6 - 4, d = -3*v + i. Suppose 0 = w - v*w + 87. List the prime factors of w.
29
Let j be (-76)/3*(-18)/12. Suppose 3*o = -26 + j. Suppose 2*h = h + 3*u + 73, -o*h - u + 357 = 0. What are the prime factors of h?
2, 11
Let i(f) = 28754*f**2 - 16*f - 4. What are the prime factors of i(-1)?
2, 19, 757
Let p(a) = -30*a**2 + 2956*a + 187. What are the prime factors of p(75)?
7, 7591
Suppose 4*c - 3*c = 0. Suppose 0*g - 80 = -5*z - g, -z - 5*g + 40 = c. Suppose -6 + z = n. What are the prime factors of n?
3
Suppose -60 = o - 63. List the prime factors of 18/(-10)*o*285/(-19).
3
Let t(y) = -187*y**3 - y**2 - 27*y - 51. What are the prime factors of t(-2)?
5, 13, 23
Let c = 2963 - 3011. Suppose -2*i - 352 = 2*i. Let a = c - i. List the prime factors of a.
2, 5
Let t(v) = v - 8. Let s be t(9). Let o be -2 - (18/(-3) + s). Suppose 2*z - 83 = -o*x, -3*z = -7*x + 2*x - 115. What are the prime factors of z?
2, 5
Let o(h) = -h**3 + 5*h**2 + 5*h - 13. Let w be o(6). What are the prime factors of w/(2/7 - 450/1330)?
19
Suppose 40915 = 11*u - 62980. What are the prime factors of u?
5, 1889
Let q = 60 - 64. Let b be (3168/(-20))/q - (-10)/25. Let o = b + 160. What are the prime factors of o?
2, 5
Let j be 0/(-1)*(7 - 160/24). Suppose j = 5*g - 3*c - 4515, 0*g + g - 903 = c. What are the prime factors of g?
3, 7, 43
Suppose 2*p - 38 = 2*v, -5*v - 4*p + 14 - 73 = 0. Let y(q) = -25*q + 2. What are the prime factors of y(v)?
13, 29
Suppose 5*q + 0*g - 17 = -2*g, -2*g + 14 = 4*q. Suppose 0 = -6*t + 9 + q. Suppose -495 = t*h - 7*h. List the prime factors of h.
3, 11
Let i = 18553 + -10427. What are the prime factors of i?
2, 17, 239
Let c = -82 - -72. What are the prime factors of 180/(-72)*3184/c?
2, 199
Suppose 6*v = -5 + 23. List the prime factors of 7/(-14)*-294 - v.
2, 3
Suppose -3*n + 9 = 3*d, 2*n - 1 = 4*d + 5. What are the prime factors of (-2 - 